e remainder when 35 is divided by (-4)/(((-6)/12)/(6/i)).
11
Let k be 3/4*(9 - 5). Suppose 4*l = k*d + 14 - 78, -l - 20 = -d. Suppose -p + 5*i = -0 - 9, d = p + 2*i. What is the remainder when 53 is divided by p?
11
Suppose 3*j = j + 38. Let h be -13*2/(-5 + 3). Suppose -o - 4*r - r - h = 0, -3*o + r = -25. Calculate the remainder when j is divided by o.
5
Suppose -r + 5*b = -5, -5*b + 3 = r - 2. Let v be (-108)/(-5) - 6/(-15). Let s = v + -9. What is the remainder when s is divided by r?
3
Let t(i) = -1. Let f(d) = -5*d - 11. Let k(b) = f(b) - 3*t(b). Let h(v) = 3*v. Let p be h(-2). What is the remainder when 85 is divided by k(p)?
19
Suppose -2*q = -4*h - 50, 4 = q - 0*q + 5*h. Calculate the remainder when 65 is divided by q.
8
Let k(u) = -u**3 + 44*u**2 - 46*u + 180. What is the remainder when 94 is divided by k(43)?
43
Suppose 0 = -12*n + 193 - 49. What is the remainder when (-32)/n + 4/(-12) - -39 is divided by 15?
6
Let y = -176 - -297. Let s = y + -103. What is the remainder when 107 is divided by s?
17
Let q(w) = 9*w**2 + 4*w + 1. Let t be q(-11). Suppose -191 = 19*r - t. Calculate the remainder when r is divided by 8.
5
Suppose -j + 2*i = -44, 35 + 9 = j - 4*i. What is the remainder when j is divided by (3 - 13)/((-4)/6)?
14
Let u be (-63)/6*2/(-3). Let z(s) = 0*s**2 + 2*s + 11 - s**2 + u*s. What is the remainder when 19 is divided by z(9)?
8
Let b(l) = l**2 - 2. Suppose -4056 = -12*n - 12*n. What is the remainder when n is divided by b(6)?
33
Suppose -5 + 1 = -x. What is the remainder when (-178)/x*(0 - 2) is divided by 30?
29
Let h(q) = -q**3 - 4*q**2 + 7*q + 9. Let u be h(-5). What is the remainder when 250 is divided by (10/(-14) - u) + (-878)/(-14)?
61
Let d(c) = c**2 + 37*c + 65. Calculate the remainder when 431 is divided by d(-36).
25
Let u = 8 - -39. What is the remainder when u is divided by 1960/(-2205)*27/(-2)?
11
Suppose -88 - 37 = -5*t. Let z be ((-1)/((-1)/(-1)))/((-3)/123). Suppose 5*o + 4*r = t, -4*r = -4*o - 3*r + z. Calculate the remainder when 25 is divided by o.
7
Let d = -245 + 249. Let y = -6 + 11. Suppose v = 6 + y. Calculate the remainder when v is divided by d.
3
Suppose 119*m - 384 = 111*m. What is the remainder when 52 is divided by m?
4
Suppose -2*s + 0*s + 20 = 5*o, -3*s - 3*o = -21. Let d = s + 1. Suppose x = d*x - 105. Calculate the remainder when 60 is divided by x.
18
Suppose 5*i + 2*b - 20 = i, b = -5*i + 19. Suppose i*r + r - z = 39, z = -2*r + 21. Calculate the remainder when 28 is divided by r.
8
Suppose -18 = -i + 2*v - 12, -5*v = 2*i - 57. Calculate the remainder when i is divided by 10.
6
Suppose 3751 + 2529 = 40*x. Calculate the remainder when x is divided by 18.
13
Suppose 0 = 192*x - 160*x - 416. Calculate the remainder when 2233 is divided by x.
10
Suppose 0 = 3*g - n - 15, -6*g + 2*g + 2*n + 22 = 0. Let c = 18 - g. What is the remainder when 26 is divided by c?
12
Let l(s) = 24*s**2 - 45*s + 244. Calculate the remainder when l(6) is divided by 40.
38
Let a(c) = -c - 100. Let d be a(0). Let m = 108 + d. What is the remainder when 12 is divided by m?
4
Let z be (11520/35)/3 - 2/(-7). Let o = z + -28. What is the remainder when o is divided by 14?
12
Suppose 27*c - 3125 = -209. What is the remainder when 317 is divided by c?
101
Let p = 211 + -192. What is the remainder when p is divided by 3?
1
Let g(l) = -l**3 + 5*l**2 - 2*l - 4. Let v be g(4). Calculate the remainder when 52 + (v + -6)/(-1) is divided by 19.
16
Let c(f) = -4*f - 11. Calculate the remainder when 59 is divided by c(-8).
17
Suppose 7*g - 183 = 244. What is the remainder when 299 is divided by g?
55
Let v = 297 - 272. Calculate the remainder when 523 is divided by v.
23
Let o(i) = 31*i**3 - 14*i**3 - 18*i**3 - 3*i - 3 + 6*i**2. What is the remainder when 40 is divided by o(5)?
5
Let k(n) = 30*n**2 - n. Let v be k(-1). Let y = v + -16. What is the remainder when y is divided by 4?
3
Calculate the remainder when 336 is divided by 4290/138 - 26/299.
26
Suppose 238 = 62*k - 1498. Calculate the remainder when 126 is divided by k.
14
Let x be (4 + -2)*(37 - -3). Suppose 5*h + 0*h = x. What is the remainder when 48 - (2 - 3)*-1 is divided by h?
15
Let g(z) = 4*z - 50. Calculate the remainder when 69 is divided by g(16).
13
Suppose 0 = 8*z - 9*z + 14. What is the remainder when 181 is divided by z?
13
Suppose 7*x - 8*x = -5*c - 31, -4*c - 60 = -3*x. Suppose -183 = -3*a - 0*a. Calculate the remainder when a is divided by x.
13
Let c(f) = f**2 + 4*f + 2. Let h be c(-5). Suppose -2*d = -h*d + 55. Let g = -181 + 223. Calculate the remainder when g is divided by d.
9
Let y = 4784 + -4707. Let m = 13 - -3. Calculate the remainder when y is divided by m.
13
Suppose -x - x = -14. Let t = -41 - -94. Let p = t - 26. What is the remainder when p is divided by x?
6
Suppose -2*i - i = -153. Suppose i + 21 = 4*a. Calculate the remainder when (-22)/3*-6*2 is divided by a.
16
Let l = -236 + 440. Suppose 7*x = 4*x + l. What is the remainder when x is divided by 14?
12
Let p(o) = -40*o - 13. What is the remainder when p(-3) is divided by 56?
51
Let k(r) = 3*r**3 - r + 3*r**2 - 2*r**3 + 17 - 2*r**2. Let x(o) = -14*o + 9. What is the remainder when x(-4) is divided by k(0)?
14
Let v(r) = 5*r**2 + 5*r + 36. What is the remainder when v(-7) is divided by 31?
29
Let n(x) = 11*x - 7. Let q be n(9). What is the remainder when (-45)/15*q/(-6) is divided by 16?
14
Calculate the remainder when 103 is divided by (-10)/4*114/(-95).
1
Let v(f) = -f + 38. Calculate the remainder when (-12)/36 - (-494)/6 is divided by v(10).
26
Let c be (-3)/(-9)*-3*-4. Suppose 0 = -c*g + 166 + 118. What is the remainder when g is divided by 19?
14
Let r(o) = 6*o**2 - 3*o + 184. What is the remainder when r(0) is divided by 49?
37
Let d(g) = -g**3 - g**2 - g + 13. Calculate the remainder when 23 is divided by d(0).
10
Let b = -19 - -23. Suppose j - 28 = -5*o + 27, -b*j - 33 = -3*o. Let t = 31 - o. Calculate the remainder when 37 is divided by t.
17
Suppose -4*c = 2*w - 42, 0*w + 4*w - 5*c - 45 = 0. Calculate the remainder when w is divided by 2.
1
Let m = -8 - -11. Calculate the remainder when (-12)/48*(-76 + 0) is divided by m.
1
Let b = 1881 + -1697. Calculate the remainder when b is divided by (-44)/(-6)*3/2.
8
Let n(j) = 2*j**2 - 5*j - 3. Suppose 8 = -z + 3*z. Let d be n(z). Suppose -d = -a - 1. What is the remainder when 30 is divided by a?
6
Let s be (0 + -1)/(-1) - 106/(-2). Suppose 5*n + 19 = s. What is the remainder when n is divided by 5?
2
Let w(n) = n - 4. Let u be w(6). Calculate the remainder when 45 is divided by (-7 - -21)*u/4.
3
Let m(u) = u**3 - 6*u**2 + 6*u - 4. Let a(l) = -2*l + 31. Let i be a(13). What is the remainder when 2 is divided by m(i)?
0
Let u(h) = h**2 + h - 1. Let z be ((-9)/(-27))/(2/12). Suppose -5*s - 8 = -3*s - 4*w, -z*s = -w - 4. Calculate the remainder when u(s) is divided by 10.
9
Let y = 18 + -22. Let g(i) = -i**3 - 3*i**2 + 6*i + 10. Let q be g(y). Suppose 57 = 2*f + q*u + 17, 4*u = f - 10. What is the remainder when 34 is divided by f?
16
Let n = 928 - 747. What is the remainder when n is divided by 91?
90
Let h(l) = 2*l**3 + 75*l**2 - 123*l - 31. Calculate the remainder when h(-39) is divided by 19.
13
Suppose -12 = -v - 5. Let y be -48*(9/2 + -5). Suppose 8*n = y + 16. What is the remainder when v is divided by n?
2
Suppose -5*g - 485 = -2*s, 199*g = s + 202*g - 270. Calculate the remainder when s is divided by 33.
24
Suppose -261*a = -259*a - 18. What is the remainder when 456 is divided by a?
6
Let y = 2323 + -2157. Calculate the remainder when y is divided by 78.
10
Let j be (-9)/6 - (-6)/12. Let x = 35 + -6. What is the remainder when x is divided by j/(-3 - 176/(-60))?
14
Suppose 0 = -18*i + 27*i - 1125. Calculate the remainder when i is divided by 22.
15
Suppose 11 + 34 = -4*p + w, 10 = p + 4*w. Calculate the remainder when 35 is divided by -2 - (p - (1 + 0)).
8
Let y(q) = 2*q**2 + 4*q + 2. Let z = 1937 + -1868. What is the remainder when z is divided by y(-4)?
15
Let l(g) = 12*g + 56. Calculate the remainder when l(9) is divided by 42.
38
Let p = 53 - -46. Suppose 88*f = 90*f - 40. What is the remainder when p is divided by f?
19
Let f(o) = o**3 - 3*o**2 - 7*o - 3. Let j be f(4). Calculate the remainder when 17 is divided by j*